{"id":105,"date":"2024-05-24T02:06:41","date_gmt":"2024-05-24T00:06:41","guid":{"rendered":"https:\/\/titoun-agency.com\/?page_id=105"},"modified":"2024-06-21T01:20:14","modified_gmt":"2024-06-20T23:20:14","slug":"transports","status":"publish","type":"page","link":"https:\/\/titoun-agency.com\/?page_id=105","title":{"rendered":"Transports"},"content":{"rendered":"\t\t<div data-elementor-type=\"wp-page\" data-elementor-id=\"105\" class=\"elementor elementor-105\">\n\t\t\t\t<div class=\"elementor-element elementor-element-880ab1a e-flex e-con-boxed e-con e-parent\" data-id=\"880ab1a\" data-element_type=\"container\">\n\t\t\t\t\t<div class=\"e-con-inner\">\n\t\t\t\t<div class=\"elementor-element elementor-element-cd3dac0 elementor-widget elementor-widget-heading\" data-id=\"cd3dac0\" data-element_type=\"widget\" data-widget_type=\"heading.default\">\n\t\t\t\t<div class=\"elementor-widget-container\">\n\t\t\t\t\t<h2 class=\"elementor-heading-title elementor-size-default\">Transports<\/h2>\t\t\t\t<\/div>\n\t\t\t\t<\/div>\n\t\t\t\t\t<\/div>\n\t\t\t\t<\/div>\n\t\t<div class=\"elementor-element elementor-element-2a7c76e e-flex e-con-boxed e-con e-parent\" data-id=\"2a7c76e\" data-element_type=\"container\">\n\t\t\t\t\t<div class=\"e-con-inner\">\n\t\t<div class=\"elementor-element elementor-element-2e1c588 e-con-full e-flex e-con e-child\" data-id=\"2e1c588\" data-element_type=\"container\" data-settings=\"{&quot;background_background&quot;:&quot;classic&quot;}\">\n\t\t\t\t<div class=\"elementor-element elementor-element-b23c155 elementor-widget elementor-widget-text-editor\" data-id=\"b23c155\" data-element_type=\"widget\" data-widget_type=\"text-editor.default\">\n\t\t\t\t<div class=\"elementor-widget-container\">\n\t\t\t\t\t\t\t\t\t<p>Notre service de transport est con\u00e7u pour r\u00e9pondre \u00e0 tous vos besoins avec \u00e9l\u00e9gance et efficacit\u00e9. Nous vous proposons les services suivants :<\/p><ul><li><strong>Voiturier \u00e0 votre disposition<\/strong> : Profitez du confort et du luxe de notre service voiturier, disponible \u00e0 tout moment pour vous faciliter la vie.<\/li><li><strong>Location de voiture au meilleur prix<\/strong> : Nous nous chargeons de trouver pour vous la voiture de location id\u00e9ale, alliant qualit\u00e9 et prix comp\u00e9titif.<\/li><li><strong>Van spacieux et luxueux<\/strong> : Pour vos d\u00e9placements en groupe ou en famille, nous vous proposons des vans spacieux et luxueux, garantissant confort et s\u00e9curit\u00e9.<\/li><\/ul><p>Avec notre conciergerie, votre satisfaction est notre priorit\u00e9.<\/p>\t\t\t\t\t\t\t\t<\/div>\n\t\t\t\t<\/div>\n\t\t\t\t<\/div>\n\t\t<div class=\"elementor-element elementor-element-f4560fe e-con-full e-flex e-con e-child\" data-id=\"f4560fe\" data-element_type=\"container\">\n\t\t\t\t<div class=\"elementor-element elementor-element-073fc43 elementor-widget elementor-widget-image\" data-id=\"073fc43\" data-element_type=\"widget\" data-widget_type=\"image.default\">\n\t\t\t\t<div class=\"elementor-widget-container\">\n\t\t\t\t\t\t\t\t\t\t\t\t\t\t\t<img fetchpriority=\"high\" decoding=\"async\" width=\"1200\" height=\"675\" src=\"https:\/\/titoun-agency.com\/wp-content\/uploads\/2024\/06\/chauffeur-maitre.jpeg\" class=\"attachment-ocean-thumb-l size-ocean-thumb-l wp-image-205\" alt=\"\" srcset=\"https:\/\/titoun-agency.com\/wp-content\/uploads\/2024\/06\/chauffeur-maitre.jpeg 1200w, https:\/\/titoun-agency.com\/wp-content\/uploads\/2024\/06\/chauffeur-maitre-300x169.jpeg 300w, https:\/\/titoun-agency.com\/wp-content\/uploads\/2024\/06\/chauffeur-maitre-1024x576.jpeg 1024w, https:\/\/titoun-agency.com\/wp-content\/uploads\/2024\/06\/chauffeur-maitre-768x432.jpeg 768w, https:\/\/titoun-agency.com\/wp-content\/uploads\/2024\/06\/chauffeur-maitre-800x450.jpeg 800w\" sizes=\"(max-width: 1200px) 100vw, 1200px\" \/>\t\t\t\t\t\t\t\t\t\t\t\t\t\t\t<\/div>\n\t\t\t\t<\/div>\n\t\t\t\t<\/div>\n\t\t<div class=\"elementor-element elementor-element-2475f7f e-con-full e-flex e-con e-child\" data-id=\"2475f7f\" data-element_type=\"container\">\n\t\t\t\t<div class=\"elementor-element elementor-element-e1dd18c elementor-widget elementor-widget-image\" data-id=\"e1dd18c\" data-element_type=\"widget\" data-widget_type=\"image.default\">\n\t\t\t\t<div class=\"elementor-widget-container\">\n\t\t\t\t\t\t\t\t\t\t\t\t\t\t\t<img decoding=\"async\" src=\"https:\/\/titoun-agency.com\/wp-content\/uploads\/elementor\/thumbs\/000235532_896x598_c-qpyivdfh2xxyioqh4q9v1t3upp1dkg0mod5r1fcr2i.jpg\" title=\"000235532_896x598_c\" alt=\"000235532_896x598_c\" loading=\"lazy\" \/>\t\t\t\t\t\t\t\t\t\t\t\t\t\t\t<\/div>\n\t\t\t\t<\/div>\n\t\t\t\t<\/div>\n\t\t<div class=\"elementor-element elementor-element-2d0181f e-con-full e-flex e-con e-child\" data-id=\"2d0181f\" data-element_type=\"container\">\n\t\t\t\t<div class=\"elementor-element elementor-element-705f40f elementor-widget elementor-widget-image\" data-id=\"705f40f\" data-element_type=\"widget\" data-widget_type=\"image.default\">\n\t\t\t\t<div class=\"elementor-widget-container\">\n\t\t\t\t\t\t\t\t\t\t\t\t\t\t\t<img decoding=\"async\" src=\"https:\/\/titoun-agency.com\/wp-content\/uploads\/elementor\/thumbs\/Location-Mercedes-Classe-V-VIP-qpyiyegr3q37xgc3g1el31lbme3ydc1hrcu2piv30q.jpg\" title=\"Location-Mercedes-Classe-V-VIP\" alt=\"Location-Mercedes-Classe-V-VIP\" loading=\"lazy\" \/>\t\t\t\t\t\t\t\t\t\t\t\t\t\t\t<\/div>\n\t\t\t\t<\/div>\n\t\t\t\t<\/div>\n\t\t\t\t\t<\/div>\n\t\t\t\t<\/div>\n\t\t<div class=\"elementor-element elementor-element-88ce3b1 e-flex e-con-boxed e-con e-parent\" data-id=\"88ce3b1\" data-element_type=\"container\">\n\t\t\t\t\t<div class=\"e-con-inner\">\n\t\t\t\t<div class=\"elementor-element elementor-element-f03ac88 elementor-widget-divider--view-line elementor-widget elementor-widget-divider\" data-id=\"f03ac88\" data-element_type=\"widget\" data-widget_type=\"divider.default\">\n\t\t\t\t<div class=\"elementor-widget-container\">\n\t\t\t\t\t\t\t<div class=\"elementor-divider\">\n\t\t\t<span class=\"elementor-divider-separator\">\n\t\t\t\t\t\t<\/span>\n\t\t<\/div>\n\t\t\t\t\t\t<\/div>\n\t\t\t\t<\/div>\n\t\t\t\t\t<\/div>\n\t\t\t\t<\/div>\n\t\t<div class=\"elementor-element elementor-element-d4d8deb e-flex e-con-boxed e-con e-parent\" data-id=\"d4d8deb\" data-element_type=\"container\">\n\t\t\t\t\t<div class=\"e-con-inner\">\n\t\t\t\t<div class=\"elementor-element elementor-element-aea585b elementor-widget elementor-widget-heading\" data-id=\"aea585b\" data-element_type=\"widget\" data-widget_type=\"heading.default\">\n\t\t\t\t<div class=\"elementor-widget-container\">\n\t\t\t\t\t<h2 class=\"elementor-heading-title elementor-size-default\">Jet priv\u00e9<\/h2>\t\t\t\t<\/div>\n\t\t\t\t<\/div>\n\t\t\t\t\t<\/div>\n\t\t\t\t<\/div>\n\t\t<div class=\"elementor-element elementor-element-dde6921 e-flex e-con-boxed e-con e-parent\" data-id=\"dde6921\" data-element_type=\"container\">\n\t\t\t\t\t<div class=\"e-con-inner\">\n\t\t<div class=\"elementor-element elementor-element-2ed2af7 e-con-full e-flex e-con e-child\" data-id=\"2ed2af7\" data-element_type=\"container\">\n\t\t\t\t<div class=\"elementor-element elementor-element-caec5c0 elementor-widget elementor-widget-image\" data-id=\"caec5c0\" data-element_type=\"widget\" data-widget_type=\"image.default\">\n\t\t\t\t<div class=\"elementor-widget-container\">\n\t\t\t\t\t\t\t\t\t\t\t\t\t\t\t<img decoding=\"async\" width=\"1024\" height=\"468\" src=\"https:\/\/titoun-agency.com\/wp-content\/uploads\/2024\/05\/034-falcon8x-2018usb55-a4-hd-scaled-e1646847361884-1641x750-1-1024x468.jpg\" class=\"attachment-large size-large wp-image-73\" alt=\"\" srcset=\"https:\/\/titoun-agency.com\/wp-content\/uploads\/2024\/05\/034-falcon8x-2018usb55-a4-hd-scaled-e1646847361884-1641x750-1-1024x468.jpg 1024w, https:\/\/titoun-agency.com\/wp-content\/uploads\/2024\/05\/034-falcon8x-2018usb55-a4-hd-scaled-e1646847361884-1641x750-1-300x137.jpg 300w, https:\/\/titoun-agency.com\/wp-content\/uploads\/2024\/05\/034-falcon8x-2018usb55-a4-hd-scaled-e1646847361884-1641x750-1-768x351.jpg 768w, https:\/\/titoun-agency.com\/wp-content\/uploads\/2024\/05\/034-falcon8x-2018usb55-a4-hd-scaled-e1646847361884-1641x750-1-1536x702.jpg 1536w, https:\/\/titoun-agency.com\/wp-content\/uploads\/2024\/05\/034-falcon8x-2018usb55-a4-hd-scaled-e1646847361884-1641x750-1.jpg 1641w\" sizes=\"(max-width: 1024px) 100vw, 1024px\" \/>\t\t\t\t\t\t\t\t\t\t\t\t\t\t\t<\/div>\n\t\t\t\t<\/div>\n\t\t\t\t<\/div>\n\t\t<div class=\"elementor-element elementor-element-2b441fb e-con-full e-flex e-con e-child\" data-id=\"2b441fb\" data-element_type=\"container\">\n\t\t\t\t<div class=\"elementor-element elementor-element-f5ef084 elementor-widget elementor-widget-text-editor\" data-id=\"f5ef084\" data-element_type=\"widget\" data-widget_type=\"text-editor.default\">\n\t\t\t\t<div class=\"elementor-widget-container\">\n\t\t\t\t\t\t\t\t\t<p>Notre conciergerie\u00a0<span style=\"font-size: 14px; color: var( --e-global-color-text ); text-align: var(--text-align);\">vous offre une exp\u00e9rience de voyage in\u00e9gal\u00e9e.\u00a0<\/span><span style=\"font-size: 14px; color: var( --e-global-color-text ); text-align: var(--text-align);\">Volez avec style et confort gr\u00e2ce \u00e0 notre service d&rsquo;affr\u00e8tement de jet priv\u00e9. Nous organisons pour vous des voyages sur mesure, garantissant discr\u00e9tion, luxe et rapidit\u00e9.<\/span><\/p><p>Voyagez selon vos besoins et vos d\u00e9sirs, en toute s\u00e9r\u00e9nit\u00e9.<\/p>\t\t\t\t\t\t\t\t<\/div>\n\t\t\t\t<\/div>\n\t\t\t\t<\/div>\n\t\t\t\t\t<\/div>\n\t\t\t\t<\/div>\n\t\t\t\t<\/div>\n\t\t","protected":false},"excerpt":{"rendered":"<p>Transports Notre service de transport est con\u00e7u pour r\u00e9pondre \u00e0 tous vos besoins avec \u00e9l\u00e9gance et efficacit\u00e9. Nous vous proposons les services suivants : Voiturier \u00e0 votre disposition : Profitez du confort et du luxe de notre service voiturier, disponible \u00e0 tout moment pour vous faciliter la vie. Location de voiture au meilleur prix : [&hellip;]<\/p>\n","protected":false},"author":1,"featured_media":0,"parent":0,"menu_order":0,"comment_status":"closed","ping_status":"closed","template":"elementor_header_footer","meta":{"ocean_post_layout":"","ocean_both_sidebars_style":"","ocean_both_sidebars_content_width":0,"ocean_both_sidebars_sidebars_width":0,"ocean_sidebar":"","ocean_second_sidebar":"","ocean_disable_margins":"enable","ocean_add_body_class":"","ocean_shortcode_before_top_bar":"","ocean_shortcode_after_top_bar":"","ocean_shortcode_before_header":"","ocean_shortcode_after_header":"","ocean_has_shortcode":"","ocean_shortcode_after_title":"","ocean_shortcode_before_footer_widgets":"","ocean_shortcode_after_footer_widgets":"","ocean_shortcode_before_footer_bottom":"","ocean_shortcode_after_footer_bottom":"","ocean_display_top_bar":"default","ocean_display_header":"default","ocean_header_style":"","ocean_center_header_left_menu":"","ocean_custom_header_template":"","ocean_custom_logo":0,"ocean_custom_retina_logo":0,"ocean_custom_logo_max_width":0,"ocean_custom_logo_tablet_max_width":0,"ocean_custom_logo_mobile_max_width":0,"ocean_custom_logo_max_height":0,"ocean_custom_logo_tablet_max_height":0,"ocean_custom_logo_mobile_max_height":0,"ocean_header_custom_menu":"","ocean_menu_typo_font_family":"","ocean_menu_typo_font_subset":"","ocean_menu_typo_font_size":0,"ocean_menu_typo_font_size_tablet":0,"ocean_menu_typo_font_size_mobile":0,"ocean_menu_typo_font_size_unit":"px","ocean_menu_typo_font_weight":"","ocean_menu_typo_font_weight_tablet":"","ocean_menu_typo_font_weight_mobile":"","ocean_menu_typo_transform":"","ocean_menu_typo_transform_tablet":"","ocean_menu_typo_transform_mobile":"","ocean_menu_typo_line_height":0,"ocean_menu_typo_line_height_tablet":0,"ocean_menu_typo_line_height_mobile":0,"ocean_menu_typo_line_height_unit":"","ocean_menu_typo_spacing":0,"ocean_menu_typo_spacing_tablet":0,"ocean_menu_typo_spacing_mobile":0,"ocean_menu_typo_spacing_unit":"","ocean_menu_link_color":"","ocean_menu_link_color_hover":"","ocean_menu_link_color_active":"","ocean_menu_link_background":"","ocean_menu_link_hover_background":"","ocean_menu_link_active_background":"","ocean_menu_social_links_bg":"","ocean_menu_social_hover_links_bg":"","ocean_menu_social_links_color":"","ocean_menu_social_hover_links_color":"","ocean_disable_title":"default","ocean_disable_heading":"default","ocean_post_title":"","ocean_post_subheading":"","ocean_post_title_style":"","ocean_post_title_background_color":"","ocean_post_title_background":0,"ocean_post_title_bg_image_position":"","ocean_post_title_bg_image_attachment":"","ocean_post_title_bg_image_repeat":"","ocean_post_title_bg_image_size":"","ocean_post_title_height":0,"ocean_post_title_bg_overlay":0.5,"ocean_post_title_bg_overlay_color":"","ocean_disable_breadcrumbs":"default","ocean_breadcrumbs_color":"","ocean_breadcrumbs_separator_color":"","ocean_breadcrumbs_links_color":"","ocean_breadcrumbs_links_hover_color":"","ocean_display_footer_widgets":"default","ocean_display_footer_bottom":"default","ocean_custom_footer_template":"","footnotes":""},"class_list":["post-105","page","type-page","status-publish","hentry","entry"],"yoast_head":"<!-- This site is optimized with the Yoast SEO plugin v22.7 - https:\/\/yoast.com\/wordpress\/plugins\/seo\/ -->\n<title>Transports - TITOUN AGENCY<\/title>\n<meta name=\"robots\" content=\"index, follow, max-snippet:-1, max-image-preview:large, max-video-preview:-1\" \/>\n<link rel=\"canonical\" href=\"https:\/\/titoun-agency.com\/?page_id=105\" \/>\n<meta property=\"og:locale\" content=\"fr_FR\" \/>\n<meta property=\"og:type\" content=\"article\" \/>\n<meta property=\"og:title\" content=\"Transports - TITOUN AGENCY\" \/>\n<meta property=\"og:description\" content=\"Transports Notre service de transport est con\u00e7u pour r\u00e9pondre \u00e0 tous vos besoins avec \u00e9l\u00e9gance et efficacit\u00e9. Nous vous proposons les services suivants : Voiturier \u00e0 votre disposition : Profitez du confort et du luxe de notre service voiturier, disponible \u00e0 tout moment pour vous faciliter la vie. Location de voiture au meilleur prix : [&hellip;]\" \/>\n<meta property=\"og:url\" content=\"https:\/\/titoun-agency.com\/?page_id=105\" \/>\n<meta property=\"og:site_name\" content=\"TITOUN AGENCY\" \/>\n<meta property=\"article:modified_time\" content=\"2024-06-20T23:20:14+00:00\" \/>\n<meta property=\"og:image\" content=\"https:\/\/titoun-agency.com\/wp-content\/uploads\/2024\/06\/chauffeur-maitre.jpeg\" \/>\n<meta name=\"twitter:card\" content=\"summary_large_image\" \/>\n<meta name=\"twitter:label1\" content=\"Dur\u00e9e de lecture estim\u00e9e\" \/>\n\t<meta name=\"twitter:data1\" content=\"2 minutes\" \/>\n<script type=\"application\/ld+json\" class=\"yoast-schema-graph\">{\"@context\":\"https:\/\/schema.org\",\"@graph\":[{\"@type\":\"WebPage\",\"@id\":\"https:\/\/titoun-agency.com\/?page_id=105\",\"url\":\"https:\/\/titoun-agency.com\/?page_id=105\",\"name\":\"Transports - TITOUN AGENCY\",\"isPartOf\":{\"@id\":\"https:\/\/titoun-agency.com\/#website\"},\"primaryImageOfPage\":{\"@id\":\"https:\/\/titoun-agency.com\/?page_id=105#primaryimage\"},\"image\":{\"@id\":\"https:\/\/titoun-agency.com\/?page_id=105#primaryimage\"},\"thumbnailUrl\":\"https:\/\/titoun-agency.com\/wp-content\/uploads\/2024\/06\/chauffeur-maitre.jpeg\",\"datePublished\":\"2024-05-24T00:06:41+00:00\",\"dateModified\":\"2024-06-20T23:20:14+00:00\",\"breadcrumb\":{\"@id\":\"https:\/\/titoun-agency.com\/?page_id=105#breadcrumb\"},\"inLanguage\":\"fr-FR\",\"potentialAction\":[{\"@type\":\"ReadAction\",\"target\":[\"https:\/\/titoun-agency.com\/?page_id=105\"]}]},{\"@type\":\"ImageObject\",\"inLanguage\":\"fr-FR\",\"@id\":\"https:\/\/titoun-agency.com\/?page_id=105#primaryimage\",\"url\":\"https:\/\/titoun-agency.com\/wp-content\/uploads\/2024\/06\/chauffeur-maitre.jpeg\",\"contentUrl\":\"https:\/\/titoun-agency.com\/wp-content\/uploads\/2024\/06\/chauffeur-maitre.jpeg\",\"width\":1200,\"height\":675},{\"@type\":\"BreadcrumbList\",\"@id\":\"https:\/\/titoun-agency.com\/?page_id=105#breadcrumb\",\"itemListElement\":[{\"@type\":\"ListItem\",\"position\":1,\"name\":\"Accueil\",\"item\":\"https:\/\/titoun-agency.com\/\"},{\"@type\":\"ListItem\",\"position\":2,\"name\":\"Transports\"}]},{\"@type\":\"WebSite\",\"@id\":\"https:\/\/titoun-agency.com\/#website\",\"url\":\"https:\/\/titoun-agency.com\/\",\"name\":\"TITOUN AGENCY\",\"description\":\"\",\"publisher\":{\"@id\":\"https:\/\/titoun-agency.com\/#organization\"},\"potentialAction\":[{\"@type\":\"SearchAction\",\"target\":{\"@type\":\"EntryPoint\",\"urlTemplate\":\"https:\/\/titoun-agency.com\/?s={search_term_string}\"},\"query-input\":\"required name=search_term_string\"}],\"inLanguage\":\"fr-FR\"},{\"@type\":\"Organization\",\"@id\":\"https:\/\/titoun-agency.com\/#organization\",\"name\":\"TITOUN AGENCY\",\"url\":\"https:\/\/titoun-agency.com\/\",\"logo\":{\"@type\":\"ImageObject\",\"inLanguage\":\"fr-FR\",\"@id\":\"https:\/\/titoun-agency.com\/#\/schema\/logo\/image\/\",\"url\":\"https:\/\/titoun-agency.com\/wp-content\/uploads\/2024\/07\/cropped-Titoun-logo_Plan-de-travail-1-copie-13-1.png\",\"contentUrl\":\"https:\/\/titoun-agency.com\/wp-content\/uploads\/2024\/07\/cropped-Titoun-logo_Plan-de-travail-1-copie-13-1.png\",\"width\":4500,\"height\":4500,\"caption\":\"TITOUN AGENCY\"},\"image\":{\"@id\":\"https:\/\/titoun-agency.com\/#\/schema\/logo\/image\/\"}}]}<\/script>\n<!-- \/ Yoast SEO plugin. -->","yoast_head_json":{"title":"Transports - TITOUN AGENCY","robots":{"index":"index","follow":"follow","max-snippet":"max-snippet:-1","max-image-preview":"max-image-preview:large","max-video-preview":"max-video-preview:-1"},"canonical":"https:\/\/titoun-agency.com\/?page_id=105","og_locale":"fr_FR","og_type":"article","og_title":"Transports - TITOUN AGENCY","og_description":"Transports Notre service de transport est con\u00e7u pour r\u00e9pondre \u00e0 tous vos besoins avec \u00e9l\u00e9gance et efficacit\u00e9. Nous vous proposons les services suivants : Voiturier \u00e0 votre disposition : Profitez du confort et du luxe de notre service voiturier, disponible \u00e0 tout moment pour vous faciliter la vie. Location de voiture au meilleur prix : [&hellip;]","og_url":"https:\/\/titoun-agency.com\/?page_id=105","og_site_name":"TITOUN AGENCY","article_modified_time":"2024-06-20T23:20:14+00:00","og_image":[{"url":"https:\/\/titoun-agency.com\/wp-content\/uploads\/2024\/06\/chauffeur-maitre.jpeg"}],"twitter_card":"summary_large_image","twitter_misc":{"Dur\u00e9e de lecture estim\u00e9e":"2 minutes"},"schema":{"@context":"https:\/\/schema.org","@graph":[{"@type":"WebPage","@id":"https:\/\/titoun-agency.com\/?page_id=105","url":"https:\/\/titoun-agency.com\/?page_id=105","name":"Transports - TITOUN AGENCY","isPartOf":{"@id":"https:\/\/titoun-agency.com\/#website"},"primaryImageOfPage":{"@id":"https:\/\/titoun-agency.com\/?page_id=105#primaryimage"},"image":{"@id":"https:\/\/titoun-agency.com\/?page_id=105#primaryimage"},"thumbnailUrl":"https:\/\/titoun-agency.com\/wp-content\/uploads\/2024\/06\/chauffeur-maitre.jpeg","datePublished":"2024-05-24T00:06:41+00:00","dateModified":"2024-06-20T23:20:14+00:00","breadcrumb":{"@id":"https:\/\/titoun-agency.com\/?page_id=105#breadcrumb"},"inLanguage":"fr-FR","potentialAction":[{"@type":"ReadAction","target":["https:\/\/titoun-agency.com\/?page_id=105"]}]},{"@type":"ImageObject","inLanguage":"fr-FR","@id":"https:\/\/titoun-agency.com\/?page_id=105#primaryimage","url":"https:\/\/titoun-agency.com\/wp-content\/uploads\/2024\/06\/chauffeur-maitre.jpeg","contentUrl":"https:\/\/titoun-agency.com\/wp-content\/uploads\/2024\/06\/chauffeur-maitre.jpeg","width":1200,"height":675},{"@type":"BreadcrumbList","@id":"https:\/\/titoun-agency.com\/?page_id=105#breadcrumb","itemListElement":[{"@type":"ListItem","position":1,"name":"Accueil","item":"https:\/\/titoun-agency.com\/"},{"@type":"ListItem","position":2,"name":"Transports"}]},{"@type":"WebSite","@id":"https:\/\/titoun-agency.com\/#website","url":"https:\/\/titoun-agency.com\/","name":"TITOUN AGENCY","description":"","publisher":{"@id":"https:\/\/titoun-agency.com\/#organization"},"potentialAction":[{"@type":"SearchAction","target":{"@type":"EntryPoint","urlTemplate":"https:\/\/titoun-agency.com\/?s={search_term_string}"},"query-input":"required name=search_term_string"}],"inLanguage":"fr-FR"},{"@type":"Organization","@id":"https:\/\/titoun-agency.com\/#organization","name":"TITOUN AGENCY","url":"https:\/\/titoun-agency.com\/","logo":{"@type":"ImageObject","inLanguage":"fr-FR","@id":"https:\/\/titoun-agency.com\/#\/schema\/logo\/image\/","url":"https:\/\/titoun-agency.com\/wp-content\/uploads\/2024\/07\/cropped-Titoun-logo_Plan-de-travail-1-copie-13-1.png","contentUrl":"https:\/\/titoun-agency.com\/wp-content\/uploads\/2024\/07\/cropped-Titoun-logo_Plan-de-travail-1-copie-13-1.png","width":4500,"height":4500,"caption":"TITOUN AGENCY"},"image":{"@id":"https:\/\/titoun-agency.com\/#\/schema\/logo\/image\/"}}]}},"_links":{"self":[{"href":"https:\/\/titoun-agency.com\/index.php?rest_route=\/wp\/v2\/pages\/105","targetHints":{"allow":["GET"]}}],"collection":[{"href":"https:\/\/titoun-agency.com\/index.php?rest_route=\/wp\/v2\/pages"}],"about":[{"href":"https:\/\/titoun-agency.com\/index.php?rest_route=\/wp\/v2\/types\/page"}],"author":[{"embeddable":true,"href":"https:\/\/titoun-agency.com\/index.php?rest_route=\/wp\/v2\/users\/1"}],"replies":[{"embeddable":true,"href":"https:\/\/titoun-agency.com\/index.php?rest_route=%2Fwp%2Fv2%2Fcomments&post=105"}],"version-history":[{"count":7,"href":"https:\/\/titoun-agency.com\/index.php?rest_route=\/wp\/v2\/pages\/105\/revisions"}],"predecessor-version":[{"id":215,"href":"https:\/\/titoun-agency.com\/index.php?rest_route=\/wp\/v2\/pages\/105\/revisions\/215"}],"wp:attachment":[{"href":"https:\/\/titoun-agency.com\/index.php?rest_route=%2Fwp%2Fv2%2Fmedia&parent=105"}],"curies":[{"name":"wp","href":"https:\/\/api.w.org\/{rel}","templated":true}]}}